rime factors of 922032982.
2, 13, 563, 62989
List the prime factors of 360684368.
2, 11, 29, 70667
List the prime factors of 862111.
131, 6581
List the prime factors of 121159117.
121159117
What are the prime factors of 259523547?
3, 17, 163, 31219
What are the prime factors of 4185897?
3, 587, 2377
What are the prime factors of 687921522?
2, 3, 61, 1879567
List the prime factors of 43880457.
3, 109, 134191
List the prime factors of 168102800.
2, 5, 17, 59, 419
List the prime factors of 64971815.
5, 31, 37, 11329
List the prime factors of 3014529744.
2, 3, 73, 860311
List the prime factors of 1453839283.
13, 19, 269, 21881
List the prime factors of 65670676.
2, 137, 293, 409
What are the prime factors of 78530210?
2, 5, 11, 64901
List the prime factors of 1616884033.
4813, 335941
What are the prime factors of 222379409?
7, 991, 32057
List the prime factors of 1682854873.
7, 113, 491, 619
What are the prime factors of 79824408?
2, 3, 857, 3881
List the prime factors of 121418527.
121418527
What are the prime factors of 145154648?
2, 31, 277, 2113
List the prime factors of 207933170.
2, 5, 47, 9413
List the prime factors of 578660492.
2, 144665123
What are the prime factors of 87921290?
2, 5, 8792129
List the prime factors of 227573382.
2, 3, 29, 1307893
List the prime factors of 5514562068.
2, 3, 17, 27032167
List the prime factors of 98242141.
19, 37, 139747
List the prime factors of 80211475.
5, 3208459
List the prime factors of 461010814.
2, 11, 313, 66949
List the prime factors of 2234399758.
2, 53, 21079243
List the prime factors of 494118795.
3, 5, 32941253
What are the prime factors of 66631742?
2, 157, 212203
What are the prime factors of 821662152?
2, 3, 83, 412481
List the prime factors of 27423261.
3, 17, 151, 1187
List the prime factors of 3071103968.
2, 95971999
What are the prime factors of 562315660?
2, 5, 241, 116663
What are the prime factors of 1497564737?
18269, 81973
What are the prime factors of 248756556?
2, 3, 20729713
List the prime factors of 8095766.
2, 7, 149, 3881
What are the prime factors of 4596716914?
2, 173, 2423, 5483
What are the prime factors of 26433090?
2, 3, 5, 293701
What are the prime factors of 169721578?
2, 13, 1721, 3793
What are the prime factors of 1606954758?
2, 3, 853, 313981
What are the prime factors of 28023967?
587, 47741
List the prime factors of 307424522.
2, 19, 8090119
What are the prime factors of 151055806?
2, 11, 6866173
What are the prime factors of 84793558?
2, 42396779
What are the prime factors of 274219482?
2, 3, 5231, 8737
What are the prime factors of 194404205?
5, 38880841
List the prime factors of 2171540519.
2171540519
What are the prime factors of 420550138?
2, 210275069
What are the prime factors of 55242241?
55242241
What are the prime factors of 167224692?
2, 3, 13935391
List the prime factors of 29333699.
5273, 5563
List the prime factors of 281742128.
2, 107, 164569
List the prime factors of 888922065.
3, 5, 29, 97, 21067
List the prime factors of 189450435.
3, 5, 12630029
List the prime factors of 30231986.
2, 487, 31039
List the prime factors of 7745792.
2, 79, 383
List the prime factors of 243910218.
2, 3, 40651703
List the prime factors of 395715817.
7, 17, 29, 16381
List the prime factors of 671496160.
2, 5, 29, 144719
What are the prime factors of 92800779?
3, 107, 289099
What are the prime factors of 115284432?
2, 3, 173, 13883
What are the prime factors of 1352477787?
3, 61, 1223, 6043
What are the prime factors of 124466199?
3, 11, 13, 47, 6173
List the prime factors of 114999821.
114999821
List the prime factors of 198886439.
5087, 39097
List the prime factors of 526517428.
2, 131629357
What are the prime factors of 46259650?
2, 5, 925193
What are the prime factors of 1666271350?
2, 5, 89, 374443
List the prime factors of 72445127.
73, 683, 1453
List the prime factors of 37339379.
7, 11, 484927
What are the prime factors of 727491379?
727491379
List the prime factors of 17108373.
3, 31, 71, 2591
What are the prime factors of 1691671055?
5, 193, 349, 5023
List the prime factors of 862525602.
2, 3, 59, 367, 2213
List the prime factors of 6527329834.
2, 3263664917
List the prime factors of 326776325.
5, 13071053
List the prime factors of 1652206919.
11, 617, 243437
What are the prime factors of 164587350?
2, 3, 5, 239, 4591
List the prime factors of 1430409324.
2, 3, 4211, 28307
What are the prime factors of 670753075?
5, 26830123
List the prime factors of 321167034.
2, 3, 151, 118163
What are the prime factors of 417398028?
2, 3, 34783169
List the prime factors of 168226239.
3, 41, 383, 3571
What are the prime factors of 28395587?
11, 2581417
What are the prime factors of 225473624?
2, 28184203
What are the prime factors of 58674748?
2, 11, 23, 37, 1567
What are the prime factors of 668750672?
2, 29, 41, 35153
What are the prime factors of 1185728913?
3, 23, 43, 133213
What are the prime factors of 627184077?
3, 13, 17, 37, 691
List the prime factors of 80356409.
7, 89, 128983
What are the prime factors of 79530003?
3, 7, 173, 7297
What are the prime factors of 11032570?
2, 5, 1103257
What are the prime factors of 447640663?
83, 5393261
What are the prime factors of 63574783?
23, 2764121
What are the prime factors of 11422488?
2, 3, 7, 11, 883
What are the prime factors of 1433930816?
2, 22405169
List the prime factors of 5501340538.
2, 31, 79, 1123181
List the prime factors of 4549432823.
13, 211, 1658561
List the prime factors of 18706332.
2, 3, 41, 193, 197
What are the prime factors of 362192970?
2, 3, 5, 2141, 5639
What are the prime factors of 4117555070?
2, 5, 411755507
List the prime factors of 668624289.
3, 67, 3326489
List the prime factors of 404416632.
2, 3, 1831, 9203
What are the prime factors of 25126894?
2, 13, 966419
What are the prime factors of 2746205130?
2, 3, 5, 91540171
What are the prime factors of 758688302?
2, 43, 67, 131671
List the prime factors of 9571763.
19, 503777
List the prime factors of 802360116.
2, 3, 59, 113, 3343
What are the prime factors of 113747871?
3, 37915957
List the prime factors of 107316589.
353, 304013
List the prime factors of 2440977183.
3, 29, 199, 46997
What are the prime factors of 4433148573?
3, 7, 211102313
List the prime factors of 221345395.
5, 44269079
List the prime factors of 16854340.
2, 5, 223, 3779
What are the prime factors of 8980083?
3, 7, 2909
List the prime factors of 11490822.
2, 3, 7, 10133
List the prime factors of 29587371.
3, 11, 896587
List the prime factors of 1309916070.
2, 3, 5, 4851541
What are the prime factors of 95954807?
13, 19, 388481
What are the prime factors of 18355017?
3, 6118339
List the prime factors of 751319354.
2, 375659677
List the prime factors of 195762718.
2, 17, 5757727
List the prime factors of 352010905.
5, 487, 144563
List the prime factors of 4165471620.
2, 3, 5, 61, 379369
List the prime factors of 1014576537.
3, 13, 26014783
What are the prime factors of 366724968?
2, 3, 15280207
List the prime factors of 6745136.
2, 61, 6911
What are the prime factors of 88668960?
2, 3, 5, 184727
What are the prime factors of 79087078?
2, 7, 807011
List the prime factors of 341644311.
3, 4217831
List the prime factors of 2613044299.
51043, 51193
What are the prime factors of 601582872?
2, 3, 11, 461, 4943
What are the prime factors of 48084533?
7, 809, 1213
List the prime factors of 363751641.
3, 11, 408251
What are the prime factors of 91121051?
7, 13017293
List the prime factors of 676639770.
2, 3, 5, 22554659
List the prime factors of 87895198.
2, 43947599
What are the prime factors of 172572505?
5, 7, 31, 53, 3001
List the prime factors of 235823096.
2, 29477887
List the prime factors of 4908298341.
3, 1636099447
List the prime factors of 2023301215.
5, 13, 73, 426407
What are the prime factors of 467815079?
31, 15090809
What are the prime factors of 3796969324?
2, 949242331
List the prime factors of 206055307.
397, 519031
List the prime factors of 75615557.
29, 89, 29297
What are the prime factors of 271499537?
17, 29, 79, 6971
List the prime factors of 3934386.
2, 3, 72859
List the prime factors of 908273650.
2, 5, 31, 373, 1571
What are the prime factors of 37010223?
3, 1370749
List the prime factors of 403411559.
23, 3989, 4397
List the prime factors of 37108439